j be 10 + -12 + -1 + 328. Suppose -j = -3*m - 37. What is the units digit of m?
6
Suppose 0 = -3*o - 5 + 2. Let g(u) = u. Let w(t) = 7*t + 16. Let l(m) = o*w(m) + 2*g(m). What is the tens digit of l(-6)?
1
Let g = 22 + -22. Suppose z + 4*z - 665 = g. Let r = z + -81. What is the units digit of r?
2
Suppose -15*d + 11*d + 36 = 0. Let c(z) = -z**3 + 11*z**2 - 2*z - 13. What is the units digit of c(d)?
1
Suppose -7155 = -4*m - 5*y, -16*m + y - 8970 = -21*m. What is the units digit of m?
5
Let l = 4886 + -2918. What is the hundreds digit of l?
9
Suppose 3*p - 895 - 294 = 4*d, 0 = 3*p + 3*d - 1224. What is the units digit of p?
3
Let k = 4606 + -2823. What is the thousands digit of k?
1
Let l = 242 - -76. What is the tens digit of l?
1
Suppose -5*u - 2*j = 4 - 302, 5*j - 20 = 0. Suppose 58 = a + 3*x, a - x - u = -0*x. What is the tens digit of a?
5
Suppose 0 = -l - 4*p + 1094, 6*p - 2188 = -2*l + 4*p. What is the thousands digit of l?
1
Let m(u) = u**3 - 11*u**2 - 6*u + 14. Let h be m(9). Let f = h - -304. What is the units digit of f?
2
Let x be (3/9)/((-1)/3). Let n be ((-1)/x)/(5/255). Let p = -5 + n. What is the tens digit of p?
4
Let r be 428/2*(294/12)/(-7). What is the units digit of (-33)/(-88) + r/(-8)?
4
Let w(l) = -l**3 + 2*l**2 + 3*l + 8. Let g be w(-4). Let q = g + -64. What is the tens digit of q?
2
Let r(t) = t**3 - 13*t**2 - 34*t - 78. What is the tens digit of r(20)?
4
Let d = 1477 - 747. What is the tens digit of d?
3
Suppose 6*t + 3892 = 9*t - o, -5*t = 5*o - 6480. What is the tens digit of t?
9
Suppose 3*c - 94 = 122. What is the units digit of c?
2
Let d be (-3 - (6 + -3))/(-3). Suppose -5*p = -5, x + p = d*p + 91. What is the units digit of x?
2
Let n(s) be the third derivative of -s**4/12 - 2*s**3/3 + 6*s**2. Let u be n(-3). Suppose t + u*t = 78. What is the units digit of t?
6
Let n = -201 + 360. Suppose -6*k + 5*k + n = 0. What is the tens digit of k?
5
What is the units digit of (406/(-21) - -2)*(-90)/4?
0
Let o = -1143 - -2047. What is the units digit of o?
4
Let t be ((-3)/6)/(3/(-30)). Let i(y) = y**3 - 6*y**2 - y - 15. Let g be i(7). Suppose -4*u + 0*u + t*o + g = 0, -75 = -5*u - 2*o. What is the tens digit of u?
1
Suppose -8*r + 9223 = -6361. What is the tens digit of r?
4
What is the hundreds digit of ((-4)/(-9) + 68/90)*1165?
3
Let n(f) = f**3 - 15*f**2 + 3*f + 17. Let z be n(17). Suppose 0 = 4*h - z - 166. What is the units digit of h?
3
Let u be (-2 - 1/(-2))*-2. Suppose -3*h = 3*m - 714, 5*h = u*m - 634 - 96. What is the hundreds digit of m?
2
What is the tens digit of (-42)/9*5970/(-35)?
9
Suppose 0 = -2*z - 4 - 10. Let v = 88 + -162. What is the tens digit of (3 - -4)*v/z?
7
Let k = -36 - -39. Suppose -5*l - k*c = -172 + 12, -115 = -3*l + 2*c. What is the units digit of l?
5
Let s(p) = -187*p - 140. What is the units digit of s(-10)?
0
Let n(v) = 253*v**2 - 52*v - 216. What is the tens digit of n(-4)?
4
Let a be 703/133 + 4/(-14). Suppose 0*l + a*x = 2*l - 490, -l + 247 = -2*x. What is the units digit of l?
5
What is the thousands digit of 173547/108 - (-4)/48?
1
Let y(b) = b**2 + 3*b - 3. Let m be y(-7). Suppose m = -4*s + 113. Suppose -s*r = -18*r - 308. What is the units digit of r?
7
Suppose 0 = -4*z - 12, -3*o - 3*z - 9 = z. Suppose -4*j = 4*h - o + 105, j - 4*h = -6. What is the tens digit of (561/j)/(3/(-8))?
6
Let x = -26 - -22. Let y be 3 + x + (0 - -3). What is the units digit of -1*y/((-4)/6)?
3
Let l(n) = -n**3 - 11*n**2 - 18*n + 14. What is the units digit of l(-12)?
4
Let o(a) = 6*a**3 + a**2 - 7*a - 3. What is the tens digit of o(5)?
3
Let a = 8 + -4. Suppose 2*g - 4*r - 8 = a*g, 3*r - 1 = 2*g. Let p = 4 - g. What is the units digit of p?
6
Let l(u) = 194*u**2 - 50*u - 6. What is the tens digit of l(5)?
9
Let s(t) = -42*t - 32. What is the tens digit of s(-9)?
4
What is the tens digit of (10/14 - -1)/(74/31598)?
3
What is the tens digit of 795 + 117/13 + 2?
0
Suppose -4*m = -a + 3*a + 272, 341 = -5*m - 2*a. Let l = 114 + m. What is the tens digit of l?
4
Let x = -26 - -28. Suppose -u = -x*r + 98, -r = -5*r + 5*u + 202. What is the units digit of r?
8
Let g(l) = 11*l - 24. Let q(m) = 3*m + 22. Let n be q(-5). What is the tens digit of g(n)?
5
What is the units digit of (88/(-12) + 7)*-27?
9
Let z be (-94)/(-18) + 18/(-81). Suppose -155 = -10*k + 5*k + z*b, -2*k = b - 62. What is the tens digit of k?
3
Let i = -14 + 19. Suppose -4 = -b - 0. Suppose 12 = b*y + z, -2*y = 2*y + i*z + 4. What is the units digit of y?
4
Suppose 3*p = -51 + 15. Let z = 35 + p. What is the tens digit of z?
2
Let r = 1 - -10. Suppose -12 = -7*z + r*z. What is the units digit of z*8*(-40)/30?
2
Suppose 5*w + 9173 = 3*x, 5*x - w = 5*w + 15279. What is the hundreds digit of x?
0
Suppose 0 = 129*n - 179*n + 44750. What is the tens digit of n?
9
Suppose -1860 = -4*u + 2*n, -4*u = 5*n - 2412 + 566. What is the tens digit of u?
6
Let x = 963 + 87. What is the units digit of x?
0
Let q = -1062 + 1741. What is the units digit of q?
9
Let j(c) = -c**3 + 6*c**2 - 2*c + 8. Let a be j(6). Let h be ((-6)/a)/(15/80). Suppose -s = -2*q + 64, 4*q - 128 = -2*s + h. What is the tens digit of q?
3
Suppose 0 = -3*k + 109 + 11. Suppose 4*w + 0*w + k = 0. What is the tens digit of (15/w)/(12/(-352))?
4
Let s(b) = -11*b - 3. Let q be 30/(-8) - (-6)/8. What is the tens digit of s(q)?
3
Suppose -2*m - 3*g = -3432, -m - 4*g + 2409 = 688. What is the units digit of m?
3
Suppose -15*z = -8439 - 17226. What is the tens digit of z?
1
Let m = 8 + -7. Let r(j) = 57*j + 1. Let f be r(m). Suppose c - f = -c. What is the tens digit of c?
2
Let s = 611 - -3582. What is the thousands digit of s?
4
Let u = 183 + -122. Suppose -v + 175 = -u. What is the tens digit of v?
3
Let p = 24 + -24. Suppose -3*l = 3*g - 126, 2*l - 5*l + 4*g + 140 = p. Suppose -i - 16 = -l. What is the tens digit of i?
2
Let p(j) = 1. Let i(y) = -6*y + 21. Let d(n) = i(n) + 4*p(n). What is the tens digit of d(-3)?
4
Let x be ((-18)/(-4) - 1) + (-35)/70. Suppose 332 = 2*m - 2*q, 2*m - m - x*q = 164. What is the units digit of m?
7
Suppose q - 5*n = -0*q + 3, 0 = 4*q + 5*n - 12. Suppose -p + 221 = -q*x + 6*x, 5*p = -2*x + 130. What is the tens digit of x?
7
Suppose 2*j + p = 18 - 1, j - 2*p = 6. Suppose 0*m = 2*m - j. Suppose 0*r + 10 = 5*r, m*r - 70 = -2*f. What is the tens digit of f?
3
Suppose -50 = 4*l + l. Let d = l + 13. Suppose -2*y + 90 = d*y. What is the tens digit of y?
1
Suppose 0 = 2*p + 4*m + 2, -5*p - 2*m + 7 = -12. Suppose p*o = o + 68. Let b = o + -6. What is the tens digit of b?
1
Let o(c) = -5*c + 5. Suppose 0 = -2*v + v + 5. Let g be -17 - (-6)/(v + -3). What is the tens digit of o(g)?
7
Suppose -3*b - 109 = -2*k, 0 = -2*b - 3*k - 0*k - 51. Let x = -26 - b. What is the units digit of x?
7
Let g = 6 + -3. Let h(k) = 4*k**3 + 2*k**g - 10*k**2 - 4*k**3 - 7 + 12*k - k**3. What is the tens digit of h(9)?
2
Let l = -12 + 502. What is the tens digit of l?
9
Let b = -291 - -475. What is the tens digit of b?
8
Let l be (-4)/6 + 2604/18. Suppose -8*h + 3*h - 4*s + 272 = 0, 3*h - l = 4*s. Let k = h - 28. What is the units digit of k?
4
Let g(m) = m**3 + 3*m - 4. Let i be g(2). Suppose -2*r = -i*r + 424. What is the tens digit of r?
5
Let c(a) be the second derivative of -17*a**3/6 + 2*a**2 - 9*a. What is the units digit of c(-5)?
9
Let b(h) = -h + 68. Let x be b(-5). Let i = x + -65. What is the units digit of i?
8
Let d(p) = p**3 - 11*p**2 - 14*p - 4. Let y be d(12). Let u = 61 + y. Suppose -2*l = -5*l + u. What is the tens digit of l?
1
Let h(a) = -a**3 - 12*a**2 + 8*a - 16. Let z(k) = -2*k**3 - 23*k**2 + 15*k - 32. Let f(p) = 7*h(p) - 4*z(p). What is the tens digit of f(-7)?
9
Let b(m) = 2*m**3 + 7*m**2 + 2*m - 21. Let x(v) = v**3 + 4*v**2 + v - 10. Let o(r) = 3*b(r) - 5*x(r). What is the hundreds digit of o(6)?
2
Let p(v) be the third derivative of 3*v**4/8 - 20*v**3/3 - 2*v**2. What is the tens digit of p(24)?
7
Let x(h) = -h**2 + 12*h - 21. Suppose 3*c - 27 + 9 = 0. What is the tens digit of x(c)?
1
Let a(s) = -598*s**2 + 11*s - 5. Let p(w) = 896*w**2 - 17*w + 7. Let u(m) = -8*a(m) - 5*p(m). What is the units digit of u(1)?
6
Let x(b) = -b**3 - b**2 + 12*b + 74. What is the tens digit of x(-10)?
5
Suppose 0 = -7*n + 1118 + 5427. Suppose -2*y + n = 3*y. What is the units di